 2*j = 0. Suppose q*k + 16 = -0. List the prime factors of -7*k/(-12)*-3.
2, 7
Suppose 7*h - 1 = 13. Suppose h*k = -2*g - 2*g + 42, -2*k + 30 = -2*g. What are the prime factors of k?
17
Suppose -12*y + 116002 = 50*y. What are the prime factors of y?
1871
Let c(n) = 8*n**2 - 3*n**2 - 4*n + 0 - 7. Suppose 2*y + 15 = -3*y. List the prime factors of c(y).
2, 5
Suppose -2*i = 2*i - 40. Let m = 12 - i. Suppose m*z - 5*h - 25 = 68, 0 = -5*z - 3*h + 248. List the prime factors of z.
7
Suppose 2*o - 2050 = -o + 4*i, 0 = -5*o - 2*i + 3434. List the prime factors of (-1)/((-4)/2) + o/4.
2, 43
Let j = -18 + 21. Suppose 5*a - 276 = j*a. What are the prime factors of a?
2, 3, 23
Suppose 0 = -19*h + 4308 + 14179. List the prime factors of h.
7, 139
Let o(j) = 20*j + 139. What are the prime factors of o(29)?
719
Let h(s) be the first derivative of -7 - 3/2*s**2 + 2/3*s**3 - 3*s. What are the prime factors of h(6)?
3, 17
Let q(a) be the second derivative of a**3/3 - a**2 + 6*a. Let y be q(1). List the prime factors of (-2)/(y + (-8)/68).
17
Suppose q + 0 = 3. Let n = 8 - q. Suppose -n*s + 2*s = -165. List the prime factors of s.
5, 11
Let r(z) = 5*z**2 - 2*z + 2. Let v = -8 - -20. Suppose 6 = -3*u + v. What are the prime factors of r(u)?
2, 3
Suppose g + 7 = 2*g. Suppose k - 41 + g = 0. List the prime factors of k.
2, 17
Suppose 3*g + 5*z = -3 + 18, -3*z + 20 = 4*g. Suppose w + 5*f = -2*w + 7, f = g*w + 7. List the prime factors of -3 - (3 + w*40).
2, 17
Suppose -60 = -5*z + 125. Suppose 49 = 2*k + b, z = -3*k + 5*b + 117. What are the prime factors of k?
5
Let u be 6/(-9) - (-26)/(-6). Let x(n) = -n**2 - 5*n - 6. Let q be x(u). What are the prime factors of (-12)/(-10)*(-80)/q?
2
Let m = 204 - 82. List the prime factors of m.
2, 61
Suppose -2*d = 3*l - 0*l - 2, 2*l = -3*d + 13. Let j be 3 + -5 - (0 - d). Suppose 35 - j = 3*s. What are the prime factors of s?
2, 5
Let m(j) = -36*j - 2. Suppose s = -2*a - 3*a + 19, 3*s - 3*a - 3 = 0. Suppose -3*n = s*g + 1 - 6, 4*n = -3*g + 9. List the prime factors of m(g).
2, 17
Suppose 4*z + 3*v = 717, -2*z + 0*z + 357 = 3*v. Suppose -q - 3*q = -z. List the prime factors of q.
3, 5
What are the prime factors of 12/(-114) + (-81750)/(-114)?
3, 239
Suppose -23*c + 18*c + 1938 = -p, 4*c - 2*p = 1548. What are the prime factors of c?
2, 97
Let w(a) = -57*a - 1. Let u be w(-2). Suppose 5*z - u + 13 = 0. Let q = z + -9. What are the prime factors of q?
11
Let x be 34/6 + (-15)/(-45). What are the prime factors of (468/(-16))/(x/(-16))?
2, 3, 13
Let x(k) = -k**2 - k + 1. Let a(z) = 10*z**2 + 3*z - 4. Let y(n) = 2*a(n) + 6*x(n). List the prime factors of y(2).
2, 3
Let g = -1276 + 1641. What are the prime factors of g?
5, 73
Let f(q) = -4*q - 35. Let t be f(-10). Suppose 93 = -2*a + t*s + 248, s + 200 = 3*a. List the prime factors of a.
5, 13
Let l(b) = 96*b - 78. What are the prime factors of l(2)?
2, 3, 19
Suppose -11*a + 30 = -8*a. Suppose -3*w - 4*v = -a, -3*v + 2*v = -3*w + 35. Suppose -5*z - 75 = -w*z. What are the prime factors of z?
3, 5
Suppose -3*m - 3*m = -3*m. Suppose -2*h - 2*q - 2*q + 204 = m, 4*q + 84 = h. List the prime factors of h.
2, 3
Suppose 3*f + 12*y - 14*y + 436 = 0, f + 2*y + 140 = 0. What are the prime factors of ((-22)/8)/(2/f)?
2, 3, 11
Let p = 9008 - 5352. What are the prime factors of p?
2, 457
Suppose -3612 = 25*t - 14212. What are the prime factors of t?
2, 53
Let o = -206 + 481. List the prime factors of 11/(o/(-70))*-55.
2, 7, 11
Let v be (1 - -5)/(36/(-24)). List the prime factors of ((-4)/(-6))/(v/(-6)) - -34.
5, 7
Suppose -14 = 3*b + 4*x, -2*b = -4*b - 4*x - 16. Suppose b*s - 42 = -12*s. What are the prime factors of s?
3
Suppose -2*c = -0*c. Suppose -i + 5*i - 228 = c. What are the prime factors of i?
3, 19
Let w(h) = -6*h. Let g(o) = -3*o + 4. Let q be g(-4). Let v = 15 - q. What are the prime factors of w(v)?
2, 3
Let g(a) = -a**3 + 12*a**2 - 4*a - 7. Let v be g(5). Let c = v + -14. List the prime factors of c.
2, 67
Let z(w) = 15*w**2 + 3*w - 15. Let g be z(-8). Suppose -27 = -6*m + g. List the prime factors of m.
2, 79
Suppose 0 = -4*f - j + 3, -j = -5*f + 3*j + 30. List the prime factors of f*1 - 114/(-2).
59
Let j(w) = -w**3 + w**2 + 5*w - 6. Let h be j(3). Let i(x) = x**2 - x - 15. List the prime factors of i(h).
3, 5
Let k(l) = l**2 + 4*l + 1. Let n be k(-4). Suppose n = m - 3. Suppose 5*x + 2*q - 20 + 2 = 0, -x + m*q + 8 = 0. What are the prime factors of x?
2
Let f(l) = -22*l + 24. Let r be f(8). Let k = 307 + r. List the prime factors of k.
5, 31
List the prime factors of (8/(-2))/(87/(-20097)).
2, 3, 7, 11
Let w = -39 - -59. Suppose 2*h - w = 6. List the prime factors of h.
13
Let x(v) = v**2 - 14. Suppose -3*g = c - 8*g + 6, -c = -4*g + 3. List the prime factors of x(c).
67
Let k = 4 - -37. Suppose -j = k - 78. What are the prime factors of j?
37
Let l = -4 - -9. Suppose -3*j = -l*u + 307, 3*u - 121 = 2*j + 64. What are the prime factors of u?
59
Suppose -186*y + 1820 = -181*y. What are the prime factors of y?
2, 7, 13
Suppose -x + 5*m + 5081 = 0, -82*m = 5*x - 80*m - 25351. List the prime factors of x.
11, 461
What are the prime factors of ((-1)/2 + 0)*(-1471 + -13)?
2, 7, 53
Let t(r) = 2*r**2 - 17*r + 3. Suppose -3*x + 48 = x. What are the prime factors of t(x)?
3, 29
Let p be ((-5)/2)/((-1)/2). Suppose -p*z + 14 = -1. Suppose -24 = -2*r + 4*g, -4*g - 35 = -z*r + 3. What are the prime factors of r?
2, 7
Suppose -6*t - 245 = -7*t. What are the prime factors of t?
5, 7
Let c(l) = l**2 - 7*l - 1. Let o be c(7). Let z = o - -13. What are the prime factors of ((-18)/z)/(1/(-6))?
3
Suppose d = 42 - 7. Suppose 1 = -c - d. List the prime factors of (12/c)/((-1)/195).
5, 13
What are the prime factors of 3/(18/42) + 173?
2, 3, 5
Let h = 68 - 40. Suppose 0 = 4*n - 2*n + h. Let g = n - -25. List the prime factors of g.
11
Let y(r) = 1748*r + 1. What are the prime factors of y(1)?
3, 11, 53
Let g = -6 + 3. Let f = 52 - g. Suppose 0 = 4*q + 11 - f. What are the prime factors of q?
11
Let l be (-2)/(-2)*(-10)/20*-6. What are the prime factors of (3 - (l - -2))*149/(-2)?
149
Let i = -984 + 1759. List the prime factors of i.
5, 31
Let s(n) = -640*n**3 + 10*n**2 + 3*n + 3. What are the prime factors of s(-1)?
2, 5, 13
Suppose -51*u - 8736 = -63*u. List the prime factors of u.
2, 7, 13
Let o(s) = -10*s - 3. Let j be o(3). Let m = 67 + j. List the prime factors of m.
2, 17
Suppose -36*m = -19*m - 30039. List the prime factors of m.
3, 19, 31
Suppose 2*p - 7*p - 20 = -w, -5*p - 80 = -5*w. Let k = w - 2. Suppose 5*t = 17 + k. What are the prime factors of t?
2, 3
List the prime factors of 5/((-35)/(-924))*2.
2, 3, 11
Suppose 2*g = -3*g + 2*i + 400, -348 = -4*g - 4*i. Suppose 2*j + 4*b - g = -0*j, 0 = j + b - 39. What are the prime factors of j?
37
List the prime factors of (1*266)/((-3)/(390/(-20))).
7, 13, 19
Suppose 0 = 4*h - 4*m - 1972, 5*m - 2435 = -9*h + 4*h. What are the prime factors of h?
2, 5, 7
Let n(l) = 3*l + 16. Suppose 4*o - 24 = 2*h, 24 = 6*o - 2*o + h. List the prime factors of n(o).
2, 17
Suppose 66*b = 84*b - 12096. What are the prime factors of b?
2, 3, 7
Let a = 2 + 2. Let y(d) = d**2 - 2*d - 2. Let k be y(2). List the prime factors of (a/k)/(2/(-12)).
2, 3
Suppose -f = -2*f - 3*g - 35, 5*g - 27 = f. Let z = 34 + f. Suppose 2*h - z*j + 36 = 84, 0 = -4*j + 16. What are the prime factors of h?
2, 7
Let f = 127 + 6. Let t = f - 77. Suppose -c = c - t. List the prime factors of c.
2, 7
Let w = -10 - -14. Suppose -3*h + 2*k = 4*k - 98, 108 = w*h - 3*k. Suppose -3*i + 8*i = 2*y - h, 3*i - 34 = -4*y. List the prime factors of y.
2, 5
Let u(n) = 22 - 5 + 4*n + 0. Let m(a) = 6*a + 25. Let c(g) = -5*m(g) + 7*u(g). What are the prime factors of c(-9)?
2, 3
Let s(b) = -b**3 + 3*b**2 - 2. Let f be s(2). Suppose 2*g = -8, f*m - 4*g - 86 - 68 = 0. Suppose m = 4*x + 1. List the prime factors of x.
17
Let q(k) = -2*k**2 + 5*k - 1. Let n be q(3). What are the prime factors of 876/18*(-6)/n?
73
Let q(b) = b**3 - 3*b**3 + 3*b + 0*b + 2. Let g = 13 - 15. List the prime factors of q(g).
2, 3
Suppose -2*x = 2*q + 2*x - 8, 0 = 5*q - 3*x - 7. List the prime factors of 1*q/4*76.
2, 19
Let l(b) = 18*b - 52. Let h(u) = -7*u + 21. Let c be 5/(-15) + (-35)/3. Let r(y) = c*h(y) - 5*l(y). What are the prime f